of 560 and 9439600?
80
Calculate the greatest common factor of 17 and 51254150.
17
Calculate the highest common factor of 2609055 and 53280.
1665
What is the highest common factor of 7535420 and 22052?
148
What is the greatest common factor of 10196579 and 40476?
3373
Calculate the highest common divisor of 2232 and 57705136.
248
Calculate the greatest common divisor of 115625 and 18685.
185
Calculate the greatest common divisor of 173882 and 467260.
766
What is the highest common divisor of 543 and 7750601?
181
What is the greatest common factor of 62850017 and 30882?
5147
Calculate the highest common factor of 1222 and 606394.
94
What is the highest common divisor of 30 and 74490090?
30
What is the greatest common divisor of 40859 and 5019371?
3143
Calculate the highest common factor of 4263 and 179317614.
609
Calculate the highest common factor of 118278423 and 43989.
3999
Calculate the greatest common factor of 109027515 and 11640.
1455
What is the greatest common factor of 65394 and 282163?
1211
Calculate the highest common divisor of 2745 and 1906677.
549
What is the greatest common divisor of 14216184 and 460224?
3384
What is the greatest common factor of 205074 and 14292?
18
Calculate the greatest common factor of 1784172 and 9113.
13
Calculate the highest common divisor of 266 and 20883926.
266
What is the greatest common factor of 6716733 and 1545?
309
What is the greatest common divisor of 4148800 and 32?
32
Calculate the greatest common divisor of 704 and 57001736.
88
What is the highest common factor of 729 and 33975234?
27
What is the greatest common factor of 5483931 and 1767?
93
Calculate the greatest common factor of 324511516 and 196.
196
What is the highest common factor of 416 and 114002512?
208
Calculate the highest common factor of 734151566 and 712.
178
What is the greatest common divisor of 2471430 and 54?
6
What is the greatest common factor of 11095 and 177590?
35
What is the highest common factor of 50976 and 229824?
864
What is the greatest common factor of 52525554 and 290?
58
Calculate the highest common divisor of 120105 and 901.
17
What is the greatest common divisor of 3393 and 4770181?
377
What is the greatest common divisor of 24962 and 220234?
14
Calculate the greatest common factor of 4456140 and 44325.
2955
Calculate the highest common factor of 18962821 and 679.
97
Calculate the greatest common factor of 14321 and 18388.
1
What is the highest common factor of 129 and 398050871?
43
Calculate the greatest common divisor of 5340 and 40416680.
1780
Calculate the greatest common divisor of 3085494 and 249.
3
What is the greatest common factor of 32147899 and 62?
31
Calculate the greatest common factor of 86184 and 5530.
14
What is the highest common factor of 104328 and 916412?
644
What is the highest common divisor of 1043535 and 365?
365
Calculate the greatest common factor of 8 and 30416616.
8
Calculate the greatest common factor of 250605 and 270.
45
Calculate the greatest common factor of 319322136 and 444.
444
Calculate the highest common factor of 297912 and 5592.
24
Calculate the highest common factor of 45172538 and 76.
38
Calculate the highest common divisor of 719816094 and 186.
186
What is the greatest common factor of 123109 and 44849?
301
Calculate the highest common factor of 34 and 12666396.
2
Calculate the greatest common factor of 5529199 and 3757.
221
Calculate the greatest common factor of 104 and 1593917.
13
What is the greatest common factor of 734274 and 23052?
678
Calculate the greatest common divisor of 42643746 and 6886.
626
What is the highest common divisor of 17 and 7721364385?
17
What is the highest common factor of 3055550 and 1150?
1150
Calculate the highest common factor of 8120 and 192339658.
406
What is the greatest common divisor of 15914 and 6867?
109
What is the highest common factor of 360883 and 630103?
641
Calculate the highest common factor of 128492775 and 100.
25
Calculate the greatest common divisor of 57875 and 10072565.
2315
Calculate the greatest common factor of 550515 and 25680.
1605
What is the highest common factor of 19058 and 5348701?
733
What is the highest common factor of 18204 and 321696537?
4551
What is the greatest common factor of 2784 and 27369069?
87
Calculate the greatest common divisor of 670 and 116738656.
134
What is the highest common divisor of 104 and 93978963?
13
Calculate the highest common factor of 1327755 and 982410.
2145
Calculate the highest common factor of 1575842772 and 1857.
1857
What is the highest common divisor of 2216 and 88936667?
277
Calculate the highest common divisor of 60 and 155621535.
15
Calculate the greatest common factor of 291504 and 15696.
48
What is the highest common divisor of 1744420 and 100?
20
What is the greatest common factor of 953797 and 7293?
13
Calculate the greatest common factor of 31655 and 52130.
65
What is the highest common factor of 13554750 and 70?
10
Calculate the greatest common divisor of 56823 and 62899.
31
What is the highest common factor of 46250 and 87451350?
1850
Calculate the highest common divisor of 14154 and 12768.
42
What is the greatest common factor of 9600 and 21696?
192
Calculate the highest common divisor of 16 and 170775424.
16
Calculate the highest common divisor of 33690780 and 540.
180
Calculate the greatest common factor of 7122 and 177362727.
3561
Calculate the highest common factor of 125 and 70839900.
25
Calculate the highest common factor of 2013 and 1642773.
33
What is the greatest common divisor of 2550178 and 5822?
142
What is the greatest common factor of 73489 and 543218?
13
What is the greatest common factor of 4995 and 1628289?
27
What is the greatest common divisor of 9633 and 225264?
741
Calculate the highest common divisor of 53767 and 4144.
7
What is the greatest common factor of 47451636 and 108?
108
What is the highest common divisor of 200 and 51584050?
50
What is the greatest common factor of 4962 and 8646?
6
Calculate the highest common divisor of 799214 and 81497.
13
What is the highest common divisor of 8190 and 755690?
130
What is the greatest common factor of 351015425 and 5450?
2725
Calculate the greatest common divisor of 151052266 and 3713.
3713
Calculate the greatest common factor of 100922 and 3.
1
What is the greatest common factor of 535 and 166222895?
535
What is the highest common factor of 10989 and 28122039?
297
Calculate the greatest common divisor of 162279 and 137124.
117
Calculate the greatest common factor of 365815 and 9085.
115
Calculate the highest common divisor of 301070 and 15745570.
3910
Calculate the greatest common divisor of 22879570 and 14310.
530
What is the highest common factor of 96 and 6215172?
12
Calculate the highest common factor of 252 and 4329576.
36
What is the highest common factor of 140 and 2617258630?
70
What is the highest common factor of 36323524 and 3429?
127
Calculate the greatest common factor of 525 and 13901825.
175
What is the highest common factor of 4336 and 19988816?
16
What is the highest common divisor of 8658545 and 39935?
245
What is the greatest common factor of 56 and 20280008?
56
Calculate the highest common factor of 14150 and 4486450.
50
Calculate the greatest common divisor of 10200 and 2709783000.
10200
What is the highest common divisor of 1020656 and 59696?
1456
What is the greatest common factor of 1236 and 5006244?
12
Calculate the greatest common divisor of 15557 and 5627.
331
Calculate the greatest common factor of 39688925 and 425.
25
Calculate the highest common divisor of 17 and 60196847.
17
What is the greatest common divisor of 13 and 472600765?
13
Calculate the greatest common factor of 1426 and 287153.
31
What is the greatest common factor of 1438506 and 648?
54
Calculate the highest common factor of 19669 and 1478646.
1157
Calculate the highest common factor of 1377882 and 1386.
198
Calculate the highest common factor of 1150829 and 697.
41
What is the greatest common divisor of 54 and 143814933?
27
Calculate the highest common divisor of 615 and 517051.
41
What is the highest common divisor of 1414158 and 15996?
186
What is the greatest common factor of 1662999 and 2769?
39
What is the highest common factor of 3256 and 13039688?
296
What is the greatest common fac